+ 8 - 4) + -8 + 38?
50
Calculate 7 + -6 - ((57 - 50 - (5 - -3)) + 3).
-1
83 + (-8 - -88) - 19
144
Calculate (209 - 133) + (26 + -6 - 6) + 6.
96
Calculate 6 - (8 - (3 + -2 + (1 - 2)) - 56).
54
Evaluate 2 + ((-2 - 1) + 8 + 7 - -16).
30
8 + (5 - 20) + (-25 - -5 - -13)
-14
Calculate (-2 - 82) + 124 + -176 + 44.
-92
Evaluate 153 + (-16 - 55) + -13 + (1 - 4).
66
What is the value of -10 - (-22 + (-15 - -8)) - 1?
18
What is the value of -47 + 64 - (78 + -36)?
-25
-7 + (53 - (4 + (0 - 9 - -1))) - 9
41
(21 - 2) + 15 + -10 + 9
33
What is 38 - (-7 + (42 - 20)) - 75?
-52
8 - 67 - (14 + -4 - 25)
-44
What is (3 + -5 - 41) + -185 + 178?
-50
Calculate 98 + -463 + 270 + (0 + -1 - -6).
-90
0 - (9 - 3 - 5 - 0 - (-46 + 58))
11
What is 264 + -254 - (-9 - -25)?
-6
Evaluate (-152 - 87) + 164 + -45.
-120
What is -2 - 17 - ((2 - -24) + 76 + -98)?
-23
Calculate -67 - ((123 - -16) + -99).
-107
73 - (0 - (36 + -28 + (8 - 2) + -23))
64
What is -58 - (-38 - 30) - (-2 - 11 - 2)?
25
Calculate (-4 - 67 - -36) + 19.
-16
((-2 - 6 - 6) + 5 - 13) + 11
-11
What is the value of (0 - -1 - 21) + 15 + (6 - 11)?
-10
What is the value of 8 + -128 - (-69 - 13 - -44)?
-82
Calculate (95 - (105 + 23)) + 4.
-29
Evaluate 80 - ((-11 - (18 + -5)) + (50 - 26)).
80
What is the value of (-85 - -3 - (-264 - -233)) + 20?
-31
What is the value of (114 - (4 - (26 + (-3 + -14 - -8)))) + -5?
122
Calculate -19 + -1 - (8 + 31 + -73).
14
Evaluate (0 - -1 - 15) + (8462 - 8492) - (-12 + 2).
-34
Evaluate -73 + -57 + 111 + -40.
-59
-60 + 106 + -16 + -16
14
What is -32 + (-40 - -6 - -15) - ((0 - 1) + 0)?
-50
23 + -32 + 41 + -12 + 6
26
Calculate (1001 - 1009) + (-1 - -2 - -48).
41
Evaluate 47 + -16 - (-35 + 2 + 37).
27
What is the value of -1 - 19 - ((203 - 222) + (23 - 2))?
-22
What is the value of (3 - -9) + -5 + 5 + (13 - 4)?
21
What is the value of (-519 + 1041 - 535) + (1 + 1 - (0 + -44))?
33
Calculate (-2 - -3) + 0 + (5 - 18) + 11.
-1
What is the value of 40 + 16 + -8 + 12 + -18?
42
(3 + -7 - 29) + (-2 - (-16 + 5 + 18))
-42
What is the value of 123 - (94 + (65 - 156))?
120
-85 - (-49 + (-30 - -34))
-40
What is the value of 13 + (-16 + 3 - -7) - -29?
36
85 - (-103 + 72 + 45)
71
What is 11 + -20 + 6 + -12 + -32?
-47
Calculate 57 + (-3 - (-5 + (-1 + 9 - (7 + -5)))).
53
What is 1 - (80 + 3) - (134 - (-86 + 209))?
-93
Calculate (-2 - (-10 - -27)) + (-55 - 45).
-119
What is (-1 - 1) + 0 + 17 + (233 - -351) + -525?
74
(46 - (105 - 126)) + 16
83
Evaluate -20 - (3 - 12) - (-9 - -27).
-29
Calculate 76 + -128 + (103 - 1).
50
What is (-5 - -4 - -5) + -275 + 297 + 2 + 1?
29
-1702 - -1650 - (-2 + 4 + -2 + 1 + 2)
-55
-8 - -13 - 32 - (18 + -34)
-11
Calculate 96 + (-10 + 2 - (23 + -11 + 0 + -31)).
107
(18 - (32 - 14)) + -1 + 1 + -2
-2
What is the value of 13 + 17 - (-1 + -16 - (-90 + 83))?
40
-8 + 0 + 13 + 2 + -14 + (-26 - -18)
-15
What is -86 + -16 + -154 + 142?
-114
Calculate 2 + -12 + 0 + -49 + -22 + 75 + 45.
39
Calculate -26 + 5 + 29 + (0 - -6 - -10).
24
Evaluate (352 - 316) + 4 + 3 + -65.
-22
What is -12 + 102 + -51 + -107?
-68
Calculate 1 + -87 + (145 - (-108 - -239)).
-72
Evaluate 100 + -43 + -9 - 103.
-55
Evaluate 3 - -44 - 14 - (-7 + 5 - -6).
29
(33 + -4 - (15 + (-14 - -7))) + (-6 - -5)
20
Evaluate 4 + 23 + -44 + 44 + 69.
96
Calculate 63 + -12 + 20 + (-9 - 24).
38
What is the value of 892 + -901 + 1 + (5 + 0 - -2) + 29?
28
8 + -22 - (3 + (12 - -20))
-49
Calculate -9 + -1 + 11 + -34 + 53 + 18 + -7.
31
Calculate (65 - -10) + -9 + -7 + (-2 - 1) + 5.
61
What is the value of 2 + 13 + -117 + (29 - -79)?
6
What is the value of (-26 - (35 + -73 - 29)) + -92?
-51
Calculate 46 + (10 - (51 + -2)) - (1 + 54).
-48
(0 + (0 - 10) - 0) + (277 - 257)
10
What is (-163 - (20 - -10 - 15)) + 46?
-132
Evaluate 11804 + -11787 - (87 + -1).
-69
Evaluate 186 - (-148 + 81 + 114).
139
What is the value of -38 + (-61 - -104) - (2 + 0 - (3 + -2))?
4
Calculate -4 + (24 + 19 + -21 - (1 + 6)) + -84.
-73
What is the value of 45 + 30 + -58 + 5?
22
What is 0 - 1 - (-7 + 5 - -8) - 17?
-24
-490 - -490 - (-9 + (3 - 0) - 3)
9
Calculate (-2 - -2) + 12 + -1 + 24 - (-10 - -19).
26
What is 50 + (-45 + (34 - 6) - 1)?
32
-5 - 0 - (31 + (-3 - 18) + -83)
68
Calculate 976 + -1035 + (-9 - 2) - 32.
-102
What is 12 + 0 + 0 + (13 - (-18 - -29)) + -115?
-101
58 - (18 + 2) - 57
-19
Calculate -56 + (57 - (-109 + 66)).
44
16 + -39 - -24 - (-35 - -58)
-22
What is the value of (-3 - -4) + -122 - (28 + -3 + (-256 - -229))?
-119
(-30 - -35) + -9 + -32 + 149
113
Calculate 27362 + -27367 - (12 - 0).
-17
What is the value of (50 - 30) + (-2 - 2) - (3 - 1)?
14
What is -8 + (0 + 3 - 3 - -10 - (-2338 - -2358))?
-18
Evaluate (2635 - 2681) + (-2 - -55).
7
What is -48 + 12 + (-6 - (-3 - 7)) - 15?
-47
Calculate -10 - (-14 - 16) - (1 - (-13 - -10)).
16
Calculate 9 + (-18 - -21) + 11 + (10 - 4).
29
(-31 + 21 + 18 + (17 - -1) - -15) + 10
51
What is the value of -7 + (-1 - (-1 + (14 - 2) + -3) - -18)?
2
What is the value of -20 + (89 - 89) + -11 + 1 + 11 + 8?
-11
Calculate 5 + (-28 - -13) + (28 - 18) - -20.
20
What is the value of 1 + -6 + 9 + 3 - -5 - -11?
23
What is the value of 11 + -138 + (769 - 598)?
44
What is the value of (-197 - (-448 - -242)) + 1 + -1 + -1 + -6?
2
What is the value of (92 - -11) + 18 + -13 + 10 + -6 + -9?
103
What is 5 + -71 + (51 - 4)?
-19
What is 34 + (-12 - (27 + -16))?
11
588 + -622 + 9 + -40
-65
(16 - 0) + (-34 - (32 - 60)) - 46
-36
Calculate -6 + 17 + -25 + -9 - -20.
-3
Calculate 62 + -49 + (1 - 9) + -62 + -8.
-65
-21 + (4 - -4) - -41 - 11
17
Evaluate (0 - -14) + (10 - 18) + 10 + -10 + 45.
51
What is 11 - (1 + 1) - (99 + (8 - 40)) - 2?
-60
What is the value of 4 + (-9 - -40 - 14) - 63?
-42
Evaluate 5 + (12 - (-5 + 62 + 19)) + 19.
-40
-33 - -93 - (-75 - -53)
82
Calculate -10 + (-16 - -146 - (20 - (10 + -10))).
100
What is -42 - (1394 - 1401 - (2 + -4 + -9))?
-46
What is 2 + (-19 - -10) + (2 + -13 - (-100 - 16))?
98
What is 6 - (-2 + -3) - (9 - (10 - 15 - -28))?
25
What is the value of 77 + -63 + -95 + 76?
-5
What is the value of -1474 - -1624 - (38 + 7)?
105
Calculate -19 + 1 + (83 - 9) + -56 + 14.
14
Evaluate 48 - (103 - 31 - 52).
28
Calculate 0 + (-33 + 40 - (83 + (4 - (8 - -1)))).
-71
What is the value of (-3 - (1 - (3 + -4))) + 126 + -190?
-69
Evaluate -13 - ((46 - -1) + 163 + -179).
-44
What is the value of 1467 + -1332 + (-7 - (-6 + -14))?
148
What is the value of (6 + -15 - -8 - 26 - (-5 - -1)) + -3?
-26
What is the value of -10 + 12 + (-15 - (6 - (10 + 36)))?
27
What is the value of 104 + -157 - (-4 + -7 + -1 + 6)?
-47
What is (-97 - (117 + -214)) + (-3 + 1 - 59)?
-61
Calculate 4 + (5 - (4 - 2)) - (-15 - 3 - 24).
49
What is the value of (93 - 8) + -8 + (-69 - -54)?
62
What is the value of -45 - (-60 - (80 + -68))?
27
-46 - ((-2 - 171) + 20) - -36
143
58 + 8 + 21 - 42
45
-27 + 45 + -30 + -4 + (-4 - -59)
39
What is the value of 5 + (-1 - 2) - (-5 - 15)?
22
-74 + (57 - 48) - (1 + -1) - 5
-70
(10 - -69) + (14 - (0 + 33))
60
What is the value of (-48 + 8 - (12 - -24)) + 15?
-61
What is the value of 68 + (-82 - (22 - 30))?
-6
-24 - (41 - -118) - -99
-84
Calculate 1954 - 2092 - ((-28 - -1) + -3).
-108
What is -21 - (-18 - 24) - -2 - -38?
61
Calculate 17 + 2 - (1 + 15 - (56 - 50)) - -12.
21
Calculate -100 - (-26 - (41 + -21)).
-54
What is 15 - (5 + -8) - 23 - 37?
-42
Calculate 199 + -174 + -4 + -34 + (17 - 1).
3
Evaluate -36 + -68 + 170 - 44.
22
Calculate 0 + -70 - (-197 - (-241 + 35)).
-79
Evaluate (147 - 266 - -144) + (-3 - -16).
38
Calculate -74 - -133 - 45 - (-1 + 28).
-13
What is the value of (5 - -9) + -27 - (-103 + 4)?
86
39 + (41 - 29) + (-5 - -12) + -32
26
What is the value of -2 + 20 + (-69 - -46) - (-60 - -2)?
53
What is -13 + (4 - (-3 + -9 - (3 + -2 - -12)))?
16
Calculate -1 - 23 - (23 + (-1 - 11) - -1).
-36
74 + -126 + 58 - (5 + -2 + 0 + -38)
41
What is the value of (13 - (-19 + -16)) + (-12 - 9)?
27
(-28 - (-15 - (9 - -33))) + -1 + -1
27
Evaluate 63 + -1 + -14 + (-6 - (-5 - -16)).
31
Calculate (1 + -9 - (117 + -105)) + (0 - -2).
-18
What is the value of 99 - -23 - 122 - (-86 + 1)?
85
What is 1 + -1 + -3 + (35 - -9) - (59 - 53)?
35
Evaluate 39 - ((21 - (2 + 11)) + -37).
68
What is the value of (-30 - 1) + 0 + (-7 - (150 + -167))?
-21
7 - ((56 - 10) + -21 + 22 + -19)
-21
Calculate 19 + -29 + (21 + (8 - 0) - (-3 + 6)).
16
Evaluate -2 + (1 - 